{"id":1675,"date":"2024-09-09T14:23:07","date_gmt":"2024-09-09T14:23:07","guid":{"rendered":"https:\/\/profesionalesweb.com\/?page_id=1675"},"modified":"2024-09-09T14:24:32","modified_gmt":"2024-09-09T14:24:32","slug":"accesibilidad","status":"publish","type":"page","link":"https:\/\/profesionalesweb.com\/en\/accesibilidad\/","title":{"rendered":"Accesibilidad"},"content":{"rendered":"<div  data-mk-stretch-content=\"true\" class=\"wpb_row vc_row vc_row-fluid jupiter-donut- mk-fullwidth-false  attched-false     js-master-row  mk-grid\">\n\t\t\t\t\n<div class=\"vc_col-sm-12 wpb_column column_container  jupiter-donut- _ jupiter-donut-height-full\">\n\t\n<div id=\"padding-2\" class=\"mk-padding-divider jupiter-donut-  jupiter-donut-clearfix\"><\/div>\n\n\t<div class=\"vc_custom_1725891870289\">\n\n<div id=\"text-block-3\" class=\"mk-text-block  jupiter-donut-\">\n\n\t\n\t<h2>Accesibilidad<\/h2>\n<p><span style=\"font-weight: 400;\">Declaraci\u00f3n de accesibilidad El propietario del sitio web se ha comprometido en hacer accesible su sitio web de conformidad con el Real Decreto 1112\/2018, de 7 de septiembre, sobre accesibilidad de los sitios web y aplicaciones para dispositivos m\u00f3viles del sector p\u00fablico (en adelante, Real Decreto 1112\/2018, de 7 de septiembre), por el que se traspone la Directiva (UE) 2016\/2102 del Parlamento Europeo y del Consejo, de 26 de octubre de 2016. La presente declaraci\u00f3n aplica a este sitio web. Situaci\u00f3n de cumplimiento Este sitio web es parcialmente conforme con el Real Decreto 1112\/2018, de 7 de septiembre a causa de las excepciones y la falta de conformidad de los aspectos que se indican a continuaci\u00f3n. Contenido no accesible El contenido que es recoge a continuaci\u00f3n no es accesible por los siguientes motivos: Falta de conformidad con el Real Decreto 1112\/2018, de 7 de septiembre:<\/span><\/p>\n<ol>\n<li style=\"font-weight: 400;\" aria-level=\"1\"><span style=\"font-weight: 400;\">Algunas im\u00e1genes no est\u00e1n etiquetadas o tienen una alternativa textual gen\u00e9rica [requisito n\u00famero 9.1.1.1 de la norma UNE-EN 301549:2019 Contenido no textual]<\/span><\/li>\n<li style=\"font-weight: 400;\" aria-level=\"1\"><span style=\"font-weight: 400;\">Algunos v\u00eddeos grabados pueden no contener subt\u00edtulos [requisito n\u00famero 9.1.2.2 de la norma UNE-EN 301549:2019 subt\u00edtulos (grabados)]<\/span><\/li>\n<li style=\"font-weight: 400;\" aria-level=\"1\"><span style=\"font-weight: 400;\">Algunos videos pregrabados en el sitio web no disponen de audio descripci\u00f3n o medios alternativos [requisitos n\u00famero 9.1.2.5 y 9.1.2.3 de la norma UNE-EN 301549:2019 Audio descripci\u00f3n o medios alternativos (grabado)]<\/span><\/li>\n<li style=\"font-weight: 400;\" aria-level=\"1\"><span style=\"font-weight: 400;\">En algunas p\u00e1ginas la informaci\u00f3n, estructura y relaciones no est\u00e1n determinadas por software o no tienen alternativa como texto. [requisito n\u00famero 9.1.3.1 de la UNE-EN 301549:2019 de informaci\u00f3n y relaciones.<\/span><\/li>\n<li style=\"font-weight: 400;\" aria-level=\"1\"><span style=\"font-weight: 400;\">En algunas p\u00e1ginas se ha utilizado el color como \u00fanico medio visual para transmitir informaci\u00f3n, indicar una acci\u00f3n, provocar una respuesta o distinguir un elemento visual [requisito n\u00famero 9.1.4.1 de la norma UNE-EN 301549:2019 uso del color]<\/span><\/li>\n<li style=\"font-weight: 400;\" aria-level=\"1\"><span style=\"font-weight: 400;\">En algunas p\u00e1ginas puede haber atributos e identificadores duplicados [requisito n\u00famero 9.4.1.1 de la norma UNE-EN 301549:2019 procesamiento]<\/span><\/li>\n<li style=\"font-weight: 400;\" aria-level=\"1\"><span style=\"font-weight: 400;\">En algunas p\u00e1ginas los componentes de interfaz de usuario como elementos de formulario, enlaces y componentes generados por script no siguen la estructura recomendada por las pautas de accesibilidad [requisito n\u00famero 9.4.1.2 de la norma UNE-EN 301549:2019 Nombre, funci\u00f3n, valor]<\/span><\/li>\n<li style=\"font-weight: 400;\" aria-level=\"1\"><span style=\"font-weight: 400;\">En algunos formularios el campo de entrada que recopila informaci\u00f3n sobre el usuario no tiene identificado el prop\u00f3sito [requisito n\u00famero 9.1.3.5 de la norma UNE-EN 301549:2019 identificaci\u00f3n del prop\u00f3sito de entrada]<\/span><\/li>\n<li style=\"font-weight: 400;\" aria-level=\"1\"><span style=\"font-weight: 400;\">En algunas p\u00e1ginas la relaci\u00f3n de contraste en texto o im\u00e1genes podr\u00eda no ser de al menos 4.5:1 [requisito n\u00famero 9.1.4.3 de la norma UNE-EN 301549:2019 contraste m\u00ednimo]<\/span><\/li>\n<li style=\"font-weight: 400;\" aria-level=\"1\"><span style=\"font-weight: 400;\">En algunas p\u00e1ginas el contraste de los componentes de interfaz de usuario y de objetos gr\u00e1ficos podr\u00eda no llegar al 3:1 con los colores adyacentes [requisito n\u00famero 9.1.4.11 de la norma UNE-EN 301549:2019 contraste no textual]<\/span><\/li>\n<li style=\"font-weight: 400;\" aria-level=\"1\"><span style=\"font-weight: 400;\">De manera puntual podr\u00eda existir alg\u00fan error de entrada en alg\u00fan campo\/formulario\u00a0 del que no se notificase al usuario la sugerencia para solucionarlo\u00a0 [requisito n\u00famero 9.3.3.3 de la norma UNE-EN 301549:2019 Sugerencia ante errores]<\/span><\/li>\n<li style=\"font-weight: 400;\" aria-level=\"1\"><span style=\"font-weight: 400;\">En algunas p\u00e1ginas los mensajes de estado podr\u00edan no estar determinados mediante programaci\u00f3n a trav\u00e9s de funciones o propiedades [requisito n\u00famero 9.4.1.3 de la norma UNE-EN 301549:2019 mensajes de estado]<\/span><\/li>\n<\/ol>\n<p><span style=\"font-weight: 400;\">Carga desproporcionada No aplica El contenido no entra dentro del \u00e1mbito de la legislaci\u00f3n aplicable<\/span><\/p>\n<ol>\n<li style=\"font-weight: 400;\" aria-level=\"1\"><span style=\"font-weight: 400;\">Podr\u00edan existir archivos ofim\u00e1ticos en PDF o otros formatos publicados antes del 20 de septiembre de 2018 que no cumplen \u00edntegramente todos los requisitos de accesibilidad.<\/span><\/li>\n<\/ol>\n<p><span style=\"font-weight: 400;\">Observaciones y datos de contacto Se pueden realizar comunicaciones sobre requisitos de accesibilidad (art\u00edculo 10.2.a del Real Decreto 1112\/2018, de 7 de septiembre), a trav\u00e9s del formulario de contacto, por ejemplo:<\/span><\/p>\n<ul>\n<li style=\"font-weight: 400;\" aria-level=\"1\"><span style=\"font-weight: 400;\">Informar sobre cualquier posible incumplimiento por parte de este sitio web<\/span><\/li>\n<li style=\"font-weight: 400;\" aria-level=\"1\"><span style=\"font-weight: 400;\">Transmitir otras dificultades de acceso al contenido<\/span><\/li>\n<li style=\"font-weight: 400;\" aria-level=\"1\"><span style=\"font-weight: 400;\">Formular cualquier otra consulta o sugerencia de mejora relativa a la accesibilidad del sitio web.<\/span><\/li>\n<\/ul>\n<p><span style=\"font-weight: 400;\">Las comunicaciones ser\u00e1n recibidas y tratadas por la Unidad Responsable de Accesibilidad.<\/span><\/p>\n\n\t<div class=\"clearboth\"><\/div>\n<\/div>\n\n\t<\/div>\n<\/div>\n\t<\/div>","protected":false},"excerpt":{"rendered":"Accesibilidad Declaraci\u00f3n de accesibilidad El propietario del sitio web se ha comprometido en hacer accesible su sitio web de conformidad con el Real Decreto 1112\/2018, de 7 de septiembre, sobre accesibilidad de los sitios web y aplicaciones para dispositivos m\u00f3viles del sector p\u00fablico (en adelante, Real Decreto 1112\/2018, de 7 de septiembre), por el que [...]","protected":false},"author":1,"featured_media":0,"parent":0,"menu_order":0,"comment_status":"closed","ping_status":"closed","template":"","meta":{"footnotes":""},"class_list":["post-1675","page","type-page","status-publish","hentry"],"yoast_head":"<!-- This site is optimized with the Yoast SEO plugin v23.4 - https:\/\/yoast.com\/wordpress\/plugins\/seo\/ -->\n<title>Accesibilidad - ProfesionalesWeb.com - Dise\u00f1o de P\u00e1ginas Web Alicante y Elche, Espa\u00f1a<\/title>\n<meta name=\"robots\" content=\"index, follow, max-snippet:-1, max-image-preview:large, max-video-preview:-1\" \/>\n<link rel=\"canonical\" href=\"https:\/\/profesionalesweb.com\/en\/accesibilidad\/\" \/>\n<meta property=\"og:locale\" content=\"en_GB\" \/>\n<meta property=\"og:type\" content=\"article\" \/>\n<meta property=\"og:title\" content=\"Accesibilidad - ProfesionalesWeb.com - Dise\u00f1o de P\u00e1ginas Web Alicante y Elche, Espa\u00f1a\" \/>\n<meta property=\"og:url\" content=\"https:\/\/profesionalesweb.com\/en\/accesibilidad\/\" \/>\n<meta property=\"og:site_name\" content=\"ProfesionalesWeb.com - Dise\u00f1o de P\u00e1ginas Web Alicante y Elche, Espa\u00f1a\" \/>\n<meta property=\"article:modified_time\" content=\"2024-09-09T14:24:32+00:00\" \/>\n<meta name=\"twitter:card\" content=\"summary_large_image\" \/>\n<meta name=\"twitter:label1\" content=\"Estimated reading time\" \/>\n\t<meta name=\"twitter:data1\" content=\"3 minutes\" \/>\n<script type=\"application\/ld+json\" class=\"yoast-schema-graph\">{\"@context\":\"https:\/\/schema.org\",\"@graph\":[{\"@type\":\"WebPage\",\"@id\":\"https:\/\/profesionalesweb.com\/accesibilidad\/\",\"url\":\"https:\/\/profesionalesweb.com\/accesibilidad\/\",\"name\":\"Accesibilidad - ProfesionalesWeb.com - Dise\u00f1o de P\u00e1ginas Web Alicante y Elche, Espa\u00f1a\",\"isPartOf\":{\"@id\":\"https:\/\/profesionalesweb.com\/#website\"},\"datePublished\":\"2024-09-09T14:23:07+00:00\",\"dateModified\":\"2024-09-09T14:24:32+00:00\",\"breadcrumb\":{\"@id\":\"https:\/\/profesionalesweb.com\/accesibilidad\/#breadcrumb\"},\"inLanguage\":\"en-GB\",\"potentialAction\":[{\"@type\":\"ReadAction\",\"target\":[\"https:\/\/profesionalesweb.com\/accesibilidad\/\"]}]},{\"@type\":\"BreadcrumbList\",\"@id\":\"https:\/\/profesionalesweb.com\/accesibilidad\/#breadcrumb\",\"itemListElement\":[{\"@type\":\"ListItem\",\"position\":1,\"name\":\"Portada\",\"item\":\"https:\/\/profesionalesweb.com\/\"},{\"@type\":\"ListItem\",\"position\":2,\"name\":\"Accesibilidad\"}]},{\"@type\":\"WebSite\",\"@id\":\"https:\/\/profesionalesweb.com\/#website\",\"url\":\"https:\/\/profesionalesweb.com\/\",\"name\":\"ProfesionalesWeb.com - Dise\u00f1o de P\u00e1ginas Web Alicante y Elche, Espa\u00f1a\",\"description\":\"Dise\u00f1o de P\u00e1ginas Web en Alicante, Elche, Espa\u00f1a. Dise\u00f1o de Tiendas Online, Dise\u00f1o de Estrategias de Marketing Digital y Redes Sociales\",\"potentialAction\":[{\"@type\":\"SearchAction\",\"target\":{\"@type\":\"EntryPoint\",\"urlTemplate\":\"https:\/\/profesionalesweb.com\/?s={search_term_string}\"},\"query-input\":{\"@type\":\"PropertyValueSpecification\",\"valueRequired\":true,\"valueName\":\"search_term_string\"}}],\"inLanguage\":\"en-GB\"}]}<\/script>\n<!-- \/ Yoast SEO plugin. -->","yoast_head_json":{"title":"Accesibilidad - ProfesionalesWeb.com - Dise\u00f1o de P\u00e1ginas Web Alicante y Elche, Espa\u00f1a","robots":{"index":"index","follow":"follow","max-snippet":"max-snippet:-1","max-image-preview":"max-image-preview:large","max-video-preview":"max-video-preview:-1"},"canonical":"https:\/\/profesionalesweb.com\/en\/accesibilidad\/","og_locale":"en_GB","og_type":"article","og_title":"Accesibilidad - ProfesionalesWeb.com - Dise\u00f1o de P\u00e1ginas Web Alicante y Elche, Espa\u00f1a","og_url":"https:\/\/profesionalesweb.com\/en\/accesibilidad\/","og_site_name":"ProfesionalesWeb.com - Dise\u00f1o de P\u00e1ginas Web Alicante y Elche, Espa\u00f1a","article_modified_time":"2024-09-09T14:24:32+00:00","twitter_card":"summary_large_image","twitter_misc":{"Estimated reading time":"3 minutes"},"schema":{"@context":"https:\/\/schema.org","@graph":[{"@type":"WebPage","@id":"https:\/\/profesionalesweb.com\/accesibilidad\/","url":"https:\/\/profesionalesweb.com\/accesibilidad\/","name":"Accesibilidad - ProfesionalesWeb.com - Dise\u00f1o de P\u00e1ginas Web Alicante y Elche, Espa\u00f1a","isPartOf":{"@id":"https:\/\/profesionalesweb.com\/#website"},"datePublished":"2024-09-09T14:23:07+00:00","dateModified":"2024-09-09T14:24:32+00:00","breadcrumb":{"@id":"https:\/\/profesionalesweb.com\/accesibilidad\/#breadcrumb"},"inLanguage":"en-GB","potentialAction":[{"@type":"ReadAction","target":["https:\/\/profesionalesweb.com\/accesibilidad\/"]}]},{"@type":"BreadcrumbList","@id":"https:\/\/profesionalesweb.com\/accesibilidad\/#breadcrumb","itemListElement":[{"@type":"ListItem","position":1,"name":"Portada","item":"https:\/\/profesionalesweb.com\/"},{"@type":"ListItem","position":2,"name":"Accesibilidad"}]},{"@type":"WebSite","@id":"https:\/\/profesionalesweb.com\/#website","url":"https:\/\/profesionalesweb.com\/","name":"ProfesionalesWeb.com - Dise\u00f1o de P\u00e1ginas Web Alicante y Elche, Espa\u00f1a","description":"Dise\u00f1o de P\u00e1ginas Web en Alicante, Elche, Espa\u00f1a. Dise\u00f1o de Tiendas Online, Dise\u00f1o de Estrategias de Marketing Digital y Redes Sociales","potentialAction":[{"@type":"SearchAction","target":{"@type":"EntryPoint","urlTemplate":"https:\/\/profesionalesweb.com\/?s={search_term_string}"},"query-input":{"@type":"PropertyValueSpecification","valueRequired":true,"valueName":"search_term_string"}}],"inLanguage":"en-GB"}]}},"_links":{"self":[{"href":"https:\/\/profesionalesweb.com\/en\/wp-json\/wp\/v2\/pages\/1675"}],"collection":[{"href":"https:\/\/profesionalesweb.com\/en\/wp-json\/wp\/v2\/pages"}],"about":[{"href":"https:\/\/profesionalesweb.com\/en\/wp-json\/wp\/v2\/types\/page"}],"author":[{"embeddable":true,"href":"https:\/\/profesionalesweb.com\/en\/wp-json\/wp\/v2\/users\/1"}],"replies":[{"embeddable":true,"href":"https:\/\/profesionalesweb.com\/en\/wp-json\/wp\/v2\/comments?post=1675"}],"version-history":[{"count":4,"href":"https:\/\/profesionalesweb.com\/en\/wp-json\/wp\/v2\/pages\/1675\/revisions"}],"predecessor-version":[{"id":1679,"href":"https:\/\/profesionalesweb.com\/en\/wp-json\/wp\/v2\/pages\/1675\/revisions\/1679"}],"wp:attachment":[{"href":"https:\/\/profesionalesweb.com\/en\/wp-json\/wp\/v2\/media?parent=1675"}],"curies":[{"name":"wp","href":"https:\/\/api.w.org\/{rel}","templated":true}]}}

<div  data-mk-stretch-content="true" class="wpb_row vc_row vc_row-fluid jupiter-donut- mk-fullwidth-false  attched-false     js-master-row  mk-grid">
				
<div class="vc_col-sm-12 wpb_column column_container  jupiter-donut- _ jupiter-donut-height-full">
	
<div id="padding-2" class="mk-padding-divider jupiter-donut-  jupiter-donut-clearfix"></div>

	<div class="vc_custom_1725891870289">

<div id="text-block-3" class="mk-text-block  jupiter-donut-">

	
	<h2>Accesibilidad</h2>
<p><span style="font-weight: 400;">Declaración de accesibilidad El propietario del sitio web se ha comprometido en hacer accesible su sitio web de conformidad con el Real Decreto 1112/2018, de 7 de septiembre, sobre accesibilidad de los sitios web y aplicaciones para dispositivos móviles del sector público (en adelante, Real Decreto 1112/2018, de 7 de septiembre), por el que se traspone la Directiva (UE) 2016/2102 del Parlamento Europeo y del Consejo, de 26 de octubre de 2016. La presente declaración aplica a este sitio web. Situación de cumplimiento Este sitio web es parcialmente conforme con el Real Decreto 1112/2018, de 7 de septiembre a causa de las excepciones y la falta de conformidad de los aspectos que se indican a continuación. Contenido no accesible El contenido que es recoge a continuación no es accesible por los siguientes motivos: Falta de conformidad con el Real Decreto 1112/2018, de 7 de septiembre:</span></p>
<ol>
<li style="font-weight: 400;" aria-level="1"><span style="font-weight: 400;">Algunas imágenes no están etiquetadas o tienen una alternativa textual genérica [requisito número 9.1.1.1 de la norma UNE-EN 301549:2019 Contenido no textual]</span></li>
<li style="font-weight: 400;" aria-level="1"><span style="font-weight: 400;">Algunos vídeos grabados pueden no contener subtítulos [requisito número 9.1.2.2 de la norma UNE-EN 301549:2019 subtítulos (grabados)]</span></li>
<li style="font-weight: 400;" aria-level="1"><span style="font-weight: 400;">Algunos videos pregrabados en el sitio web no disponen de audio descripción o medios alternativos [requisitos número 9.1.2.5 y 9.1.2.3 de la norma UNE-EN 301549:2019 Audio descripción o medios alternativos (grabado)]</span></li>
<li style="font-weight: 400;" aria-level="1"><span style="font-weight: 400;">En algunas páginas la información, estructura y relaciones no están determinadas por software o no tienen alternativa como texto. [requisito número 9.1.3.1 de la UNE-EN 301549:2019 de información y relaciones.</span></li>
<li style="font-weight: 400;" aria-level="1"><span style="font-weight: 400;">En algunas páginas se ha utilizado el color como único medio visual para transmitir información, indicar una acción, provocar una respuesta o distinguir un elemento visual [requisito número 9.1.4.1 de la norma UNE-EN 301549:2019 uso del color]</span></li>
<li style="font-weight: 400;" aria-level="1"><span style="font-weight: 400;">En algunas páginas puede haber atributos e identificadores duplicados [requisito número 9.4.1.1 de la norma UNE-EN 301549:2019 procesamiento]</span></li>
<li style="font-weight: 400;" aria-level="1"><span style="font-weight: 400;">En algunas páginas los componentes de interfaz de usuario como elementos de formulario, enlaces y componentes generados por script no siguen la estructura recomendada por las pautas de accesibilidad [requisito número 9.4.1.2 de la norma UNE-EN 301549:2019 Nombre, función, valor]</span></li>
<li style="font-weight: 400;" aria-level="1"><span style="font-weight: 400;">En algunos formularios el campo de entrada que recopila información sobre el usuario no tiene identificado el propósito [requisito número 9.1.3.5 de la norma UNE-EN 301549:2019 identificación del propósito de entrada]</span></li>
<li style="font-weight: 400;" aria-level="1"><span style="font-weight: 400;">En algunas páginas la relación de contraste en texto o imágenes podría no ser de al menos 4.5:1 [requisito número 9.1.4.3 de la norma UNE-EN 301549:2019 contraste mínimo]</span></li>
<li style="font-weight: 400;" aria-level="1"><span style="font-weight: 400;">En algunas páginas el contraste de los componentes de interfaz de usuario y de objetos gráficos podría no llegar al 3:1 con los colores adyacentes [requisito número 9.1.4.11 de la norma UNE-EN 301549:2019 contraste no textual]</span></li>
<li style="font-weight: 400;" aria-level="1"><span style="font-weight: 400;">De manera puntual podría existir algún error de entrada en algún campo/formulario  del que no se notificase al usuario la sugerencia para solucionarlo  [requisito número 9.3.3.3 de la norma UNE-EN 301549:2019 Sugerencia ante errores]</span></li>
<li style="font-weight: 400;" aria-level="1"><span style="font-weight: 400;">En algunas páginas los mensajes de estado podrían no estar determinados mediante programación a través de funciones o propiedades [requisito número 9.4.1.3 de la norma UNE-EN 301549:2019 mensajes de estado]</span></li>
</ol>
<p><span style="font-weight: 400;">Carga desproporcionada No aplica El contenido no entra dentro del ámbito de la legislación aplicable</span></p>
<ol>
<li style="font-weight: 400;" aria-level="1"><span style="font-weight: 400;">Podrían existir archivos ofimáticos en PDF o otros formatos publicados antes del 20 de septiembre de 2018 que no cumplen íntegramente todos los requisitos de accesibilidad.</span></li>
</ol>
<p><span style="font-weight: 400;">Observaciones y datos de contacto Se pueden realizar comunicaciones sobre requisitos de accesibilidad (artículo 10.2.a del Real Decreto 1112/2018, de 7 de septiembre), a través del formulario de contacto, por ejemplo:</span></p>
<ul>
<li style="font-weight: 400;" aria-level="1"><span style="font-weight: 400;">Informar sobre cualquier posible incumplimiento por parte de este sitio web</span></li>
<li style="font-weight: 400;" aria-level="1"><span style="font-weight: 400;">Transmitir otras dificultades de acceso al contenido</span></li>
<li style="font-weight: 400;" aria-level="1"><span style="font-weight: 400;">Formular cualquier otra consulta o sugerencia de mejora relativa a la accesibilidad del sitio web.</span></li>
</ul>
<p><span style="font-weight: 400;">Las comunicaciones serán recibidas y tratadas por la Unidad Responsable de Accesibilidad.</span></p>

	<div class="clearboth"></div>
</div>

	</div>
</div>
	</div>

Accesibilidad Declaración de accesibilidad El propietario del sitio web se ha comprometido en hacer accesible su sitio web de conformidad con el Real Decreto 1112/2018, de 7 de septiembre, sobre accesibilidad de los sitios web y aplicaciones para dispositivos móviles del sector público (en adelante, Real Decreto 1112/2018, de 7 de septiembre), por el que [...]

<!-- This site is optimized with the Yoast SEO plugin v23.4 - https://yoast.com/wordpress/plugins/seo/ -->
<title>Accesibilidad - ProfesionalesWeb.com - Diseño de Páginas Web Alicante y Elche, España</title>
<meta name="robots" content="index, follow, max-snippet:-1, max-image-preview:large, max-video-preview:-1" />
<link rel="canonical" href="https://profesionalesweb.com/en/accesibilidad/" />
<meta property="og:locale" content="en_GB" />
<meta property="og:type" content="article" />
<meta property="og:title" content="Accesibilidad - ProfesionalesWeb.com - Diseño de Páginas Web Alicante y Elche, España" />
<meta property="og:url" content="https://profesionalesweb.com/en/accesibilidad/" />
<meta property="og:site_name" content="ProfesionalesWeb.com - Diseño de Páginas Web Alicante y Elche, España" />
<meta property="article:modified_time" content="2024-09-09T14:24:32+00:00" />
<meta name="twitter:card" content="summary_large_image" />
<meta name="twitter:label1" content="Estimated reading time" />
	<meta name="twitter:data1" content="3 minutes" />
<script type="application/ld+json" class="yoast-schema-graph">{"@context":"https://schema.org","@graph":[{"@type":"WebPage","@id":"https://profesionalesweb.com/accesibilidad/","url":"https://profesionalesweb.com/accesibilidad/","name":"Accesibilidad - ProfesionalesWeb.com - Diseño de Páginas Web Alicante y Elche, España","isPartOf":{"@id":"https://profesionalesweb.com/#website"},"datePublished":"2024-09-09T14:23:07+00:00","dateModified":"2024-09-09T14:24:32+00:00","breadcrumb":{"@id":"https://profesionalesweb.com/accesibilidad/#breadcrumb"},"inLanguage":"en-GB","potentialAction":[{"@type":"ReadAction","target":["https://profesionalesweb.com/accesibilidad/"]}]},{"@type":"BreadcrumbList","@id":"https://profesionalesweb.com/accesibilidad/#breadcrumb","itemListElement":[{"@type":"ListItem","position":1,"name":"Portada","item":"https://profesionalesweb.com/"},{"@type":"ListItem","position":2,"name":"Accesibilidad"}]},{"@type":"WebSite","@id":"https://profesionalesweb.com/#website","url":"https://profesionalesweb.com/","name":"ProfesionalesWeb.com - Diseño de Páginas Web Alicante y Elche, España","description":"Diseño de Páginas Web en Alicante, Elche, España. Diseño de Tiendas Online, Diseño de Estrategias de Marketing Digital y Redes Sociales","potentialAction":[{"@type":"SearchAction","target":{"@type":"EntryPoint","urlTemplate":"https://profesionalesweb.com/?s={search_term_string}"},"query-input":{"@type":"PropertyValueSpecification","valueRequired":true,"valueName":"search_term_string"}}],"inLanguage":"en-GB"}]}</script>
<!-- / Yoast SEO plugin. -->

Accesibilidad - ProfesionalesWeb.com - Diseño de Páginas Web Alicante y Elche, España

ProfesionalesWeb.com - Diseño de Páginas Web Alicante y Elche, España

Diseño de Páginas Web en Alicante, Elche, España. Diseño de Tiendas Online, Diseño de Estrategias de Marketing Digital y Redes Sociales
